 11835?
45
What is the highest common factor of 163289 and 7?
7
Calculate the greatest common factor of 22 and 1122187.
11
Calculate the highest common factor of 451 and 3403.
41
What is the highest common divisor of 190 and 45830?
10
Calculate the greatest common factor of 3196018 and 3010.
602
Calculate the greatest common factor of 12318 and 54.
6
Calculate the greatest common factor of 154 and 7262794.
154
Calculate the greatest common divisor of 27 and 22986.
9
What is the highest common factor of 1088222 and 369?
41
What is the highest common factor of 12537 and 56?
7
What is the highest common divisor of 42 and 1141707?
21
Calculate the highest common factor of 2423535 and 15.
15
Calculate the greatest common divisor of 546 and 8841.
21
What is the highest common divisor of 7018 and 8?
2
What is the highest common divisor of 14326 and 15808?
494
Calculate the highest common factor of 7 and 652757.
7
Calculate the greatest common factor of 208 and 55289.
13
What is the greatest common factor of 16802 and 824924?
542
Calculate the highest common divisor of 9734093 and 31.
31
Calculate the greatest common factor of 11 and 61.
1
Calculate the highest common factor of 29 and 11664409.
29
What is the highest common factor of 792631 and 7?
7
Calculate the greatest common factor of 193542 and 30.
6
What is the highest common divisor of 26166 and 2?
2
What is the highest common divisor of 50673 and 14605?
127
Calculate the highest common factor of 2831 and 893.
19
What is the highest common divisor of 224 and 2004800?
224
Calculate the greatest common factor of 82110 and 2310.
210
What is the highest common factor of 24508 and 1408?
44
Calculate the highest common divisor of 103348 and 2.
2
What is the greatest common divisor of 852 and 348?
12
Calculate the highest common factor of 36 and 7156.
4
Calculate the greatest common divisor of 2961 and 62839.
329
Calculate the greatest common factor of 37454 and 27016.
614
Calculate the greatest common factor of 31190 and 180.
10
Calculate the greatest common divisor of 7997938 and 2418.
806
Calculate the greatest common factor of 144912 and 1272.
24
Calculate the greatest common factor of 150406 and 628.
314
What is the greatest common divisor of 805437 and 1449?
207
Calculate the greatest common factor of 2560 and 260.
20
Calculate the highest common factor of 7121 and 15.
1
Calculate the highest common factor of 144 and 74124.
36
Calculate the greatest common factor of 41405 and 294.
49
Calculate the greatest common factor of 2700 and 7650.
450
Calculate the highest common divisor of 237 and 436159.
79
Calculate the greatest common divisor of 168 and 3144.
24
What is the highest common factor of 1098551 and 789?
263
Calculate the greatest common factor of 1932 and 27186.
138
Calculate the highest common divisor of 17512 and 121.
11
Calculate the highest common divisor of 181 and 11584.
181
What is the greatest common divisor of 50080 and 20?
20
Calculate the greatest common divisor of 73720 and 97.
97
What is the highest common factor of 4002 and 48162?
138
Calculate the highest common divisor of 84084 and 39.
39
Calculate the highest common divisor of 1765 and 353.
353
What is the highest common factor of 454281 and 1467?
489
Calculate the greatest common factor of 7170 and 4395.
15
Calculate the highest common factor of 4499 and 539.
11
Calculate the greatest common divisor of 60418 and 68.
34
What is the greatest common factor of 9251 and 203?
29
What is the highest common factor of 23115 and 150?
15
Calculate the greatest common divisor of 221494 and 286.
26
What is the highest common divisor of 50624 and 14?
14
What is the highest common factor of 754784 and 1030?
206
Calculate the greatest common divisor of 85696 and 12360.
824
Calculate the greatest common factor of 153 and 1615.
17
What is the highest common divisor of 22355 and 25?
5
Calculate the highest common factor of 325180 and 4351.
229
Calculate the highest common divisor of 540 and 89910.
270
What is the highest common divisor of 1892572 and 8?
4
What is the highest common factor of 11160 and 16?
8
Calculate the greatest common divisor of 75 and 146775.
75
What is the highest common factor of 1243143 and 1595?
319
Calculate the greatest common divisor of 355 and 52435.
5
Calculate the highest common divisor of 261193 and 466.
233
Calculate the highest common factor of 1 and 328829.
1
Calculate the highest common divisor of 114960 and 84.
12
Calculate the greatest common divisor of 312 and 8580.
156
What is the greatest common factor of 51193 and 2?
1
What is the highest common factor of 39 and 606619?
13
Calculate the highest common factor of 30441 and 10001.
73
What is the highest common divisor of 9800 and 61544?
392
What is the highest common factor of 145036 and 505?
101
What is the highest common divisor of 8 and 412574?
2
What is the highest common factor of 162866 and 968?
242
What is the greatest common factor of 738 and 3854?
82
Calculate the highest common factor of 4371 and 81921.
141
Calculate the greatest common divisor of 19080 and 249471.
477
Calculate the highest common divisor of 4825 and 42400.
25
Calculate the highest common factor of 680 and 2839510.
170
Calculate the greatest common factor of 195 and 10800.
15
What is the highest common divisor of 5245 and 85?
5
What is the greatest common divisor of 5325 and 710?
355
What is the highest common factor of 78 and 177866?
26
What is the highest common factor of 1782 and 739134?
198
What is the highest common divisor of 32360 and 33169?
809
Calculate the greatest common factor of 233 and 6757.
233
What is the greatest common factor of 1372 and 523908?
196
What is the highest common divisor of 768 and 1776?
48
Calculate the greatest common factor of 6756172 and 76.
76
What is the greatest common divisor of 530 and 78493?
53
What is the greatest common divisor of 525279 and 11196?
933
Calculate the highest common factor of 82671 and 102.
51
What is the greatest common divisor of 3552 and 111?
111
What is the greatest common divisor of 19610 and 4514?
74
What is the highest common divisor of 72464 and 24976?
112
What is the highest common factor of 588 and 732?
12
What is the highest common factor of 2030 and 9947?
203
What is the highest common divisor of 516 and 165378?
258
Calculate the highest common divisor of 1036825 and 67.
67
What is the greatest common factor of 14052 and 228?
12
What is the greatest common factor of 8639 and 19557?
53
What is the greatest common factor of 4035 and 393?
3
What is the greatest common factor of 243 and 130464?
27
What is the greatest common divisor of 1425 and 2337?
57
Calculate the greatest common divisor of 2873 and 1521.
169
Calculate the greatest common divisor of 60 and 164130.
30
What is the highest common divisor of 31 and 2319668?
31
Calculate the highest common divisor of 92 and 2126764.
92
Calculate the greatest common factor of 2096 and 544.
16
What is the highest common divisor of 29 and 165764?
29
What is the greatest common divisor of 163790 and 330?
110
Calculate the greatest common factor of 59057 and 73.
73
Calculate the greatest common divisor of 1196 and 4324.
92
What is the highest common factor of 6 and 16734?
6
What is the highest common divisor of 234 and 12006?
18
Calculate the greatest common factor of 1246689 and 12141.
639
Calculate the greatest common factor of 72 and 348048.
72
Calculate the greatest common divisor of 58 and 60697.
29
What is the highest common factor of 13788 and 612?
36
Calculate the greatest common factor of 211328 and 4992.
1664
Calculate the highest common factor of 134596 and 399.
133
What is the highest common divisor of 1448 and 791694?
362
What is the highest common factor of 10735 and 10?
5
What is the greatest common factor of 525 and 45525?
75
Calculate the highest common divisor of 1435 and 28105.
35
What is the greatest common factor of 63 and 123273?
9
Calculate the highest common factor of 5379 and 1309.
11
Calculate the greatest common factor of 92022 and 98.
98
What is the greatest common divisor of 213 and 14981?
71
Calculate the greatest common factor of 117888 and 17664.
384
What is the highest common factor of 410 and 3526?
82
Calculate the greatest common